{"id":1938,"date":"2015-08-05T09:55:00","date_gmt":"2015-08-05T09:55:00","guid":{"rendered":"http:\/\/medicine-plus.cmsmasters.net\/?page_id=1938"},"modified":"2024-03-11T21:32:18","modified_gmt":"2024-03-11T20:32:18","slug":"personel","status":"publish","type":"page","link":"https:\/\/www.rado-dent.pl\/dev\/personel\/","title":{"rendered":"Personel"},"content":{"rendered":"<style type=\"text\/css\"> \n#cmsms_row_69ef7226addd23_12298030 .cmsms_row_outer_parent { \n\tpadding-top: 80px; \n} \n\n#cmsms_row_69ef7226addd23_12298030 .cmsms_row_outer_parent { \n\tpadding-bottom: 60px; \n} \n\n \n#cmsms_heading_69ef7226adf6b4_42197864 { \n\ttext-align:left; \n\tmargin-top:0px; \n\tmargin-bottom:50px; \n} \n\n#cmsms_heading_69ef7226adf6b4_42197864 .cmsms_heading { \n\ttext-align:left; \n} \n\n#cmsms_heading_69ef7226adf6b4_42197864 .cmsms_heading, #cmsms_heading_69ef7226adf6b4_42197864 .cmsms_heading a { \n\tfont-weight:normal; \n\tfont-style:normal; \n} \n\n#cmsms_heading_69ef7226adf6b4_42197864 .cmsms_heading_divider { \n} \n\n #cmsms_icon_list_items_69ef7226ae19c4_16543354 { \n\tpadding-left:35px; \n} \n\n#cmsms_icon_list_items_69ef7226ae19c4_16543354 .cmsms_icon_list_item:before { \n\tfont-size:15px; \n\tleft:-35px; \n} \n\n.cmsms_icon_list_items #cmsms_icon_list_item_69ef7226ae2936_01074889:before { \n\tcolor:#37d6c0;\n} \n\n.cmsms_icon_list_items #cmsms_icon_list_item_69ef7226ae3443_06993729:before { \n\tcolor:#37d6c0;\n} \n\n.cmsms_icon_list_items #cmsms_icon_list_item_69ef7226ae3e69_85045145:before { \n\tcolor:#37d6c0;\n} \n\n.cmsms_icon_list_items #cmsms_icon_list_item_69ef7226ae4881_16846392:before { \n\tcolor:#37d6c0;\n} \n\n.cmsms_icon_list_items #cmsms_icon_list_item_69ef7226ae5290_77487130:before { \n\tcolor:#37d6c0;\n} \n \n#cmsms_heading_69ef7226aec844_07764866 { \n\ttext-align:center; \n\tmargin-top:70px; \n\tmargin-bottom:60px; \n} \n\n#cmsms_heading_69ef7226aec844_07764866 .cmsms_heading { \n\ttext-align:center; \n} \n\n#cmsms_heading_69ef7226aec844_07764866 .cmsms_heading, #cmsms_heading_69ef7226aec844_07764866 .cmsms_heading a { \n\tfont-weight:normal; \n\tfont-style:normal; \n} \n\n#cmsms_heading_69ef7226aec844_07764866 .cmsms_heading_divider { \n} \n\n \n#cmsms_row_69ef7226aeca22_87079113 .cmsms_row_outer_parent { \n\tpadding-bottom: 70px; \n} \n\n<\/style><div id=\"cmsms_row_69ef7226addd23_12298030\" class=\"cmsms_row cmsms_color_scheme_default\">\n<div class=\"cmsms_row_outer_parent\">\n<div class=\"cmsms_row_outer\">\n<div class=\"cmsms_row_inner\">\n<div class=\"cmsms_row_margin\">\n<div class=\"cmsms_column one_half\">\n\n<div id=\"cmsms_heading_69ef7226adf6b4_42197864\" class=\"cmsms_heading_wrap cmsms_heading_align_left\">\n\t<h1 class=\"cmsms_heading\">O nas<\/h1>\n<\/div><div class=\"cmsms_text\">\n<p><span style=\"font-size: 10pt; color: #333333;\">Jako do\u015bwiadczeni lekarze oferujemy Pa\u0144stwu pe\u0142en zakres opieki stomatologicznej dla ca\u0142ej rodziny. Przywracamy nie tylko estetyk\u0119, ale skupiamy si\u0119 r\u00f3wnie\u017c na odtworzeniu zdrowia ca\u0142ej jamy ustnej. Wykonujemy zabiegi ze wszystkich dziedzin stomatologii. Gabinet wyposa\u017cony jest w wysokiej jako\u015bci nowoczesny sprz\u0119t. Naszym Pacjentom oferujemy sprawdzone a jednocze\u015bnie innowacyjne metody leczenia. Wieloletnia praca akademicka na Uniwersytecie Medycznym w \u0141odzi w Instytucie Stomatologii pozwala nam na sta\u0142y rozw\u00f3j i doskonalenie swoich kwalifikacji. Naszym priorytetem s\u0105 zar\u00f3wno leczenie jak i edukacja oraz u\u015bwiadamianie potrzeb leczniczych.<\/span><\/p>\n<\/div>\n \n<ul id=\"cmsms_icon_list_items_69ef7226ae19c4_16543354\" class=\"cmsms_icon_list_items cmsms_icon_list_type_list cmsms_icon_list_pos_left cmsms_color_type_border\"><li id=\"cmsms_icon_list_item_69ef7226ae2936_01074889\" class=\"cmsms_icon_list_item cmsms-icon-ok-2\">profesjonalna diagnostyka <\/li><li id=\"cmsms_icon_list_item_69ef7226ae3443_06993729\" class=\"cmsms_icon_list_item cmsms-icon-ok-2\">kompleksowe i indywidualne podej\u015bcie<\/li><li id=\"cmsms_icon_list_item_69ef7226ae3e69_85045145\" class=\"cmsms_icon_list_item cmsms-icon-ok-2\">nowoczesne, bezbolesne metody leczenia<\/li><li id=\"cmsms_icon_list_item_69ef7226ae4881_16846392\" class=\"cmsms_icon_list_item cmsms-icon-ok-2\">estetyka i funkcjonalno\u015b\u0107<\/li><li id=\"cmsms_icon_list_item_69ef7226ae5290_77487130\" class=\"cmsms_icon_list_item cmsms-icon-ok-2\">profilaktyka i higiena<\/li><\/ul>\n<\/div>\n<div class=\"cmsms_column one_half\">\n<div class=\"content_slider_wrap\" style=\"max-width:px;\">\n<script type=\"text\/javascript\">jQuery(document).ready(function () { jQuery(\"#cmsms_slider_69ef7226ae6583_99061062.content_slider\").owlCarousel( { singleItem : true, transitionStyle: false, rewindSpeed : 1000, slideSpeed : 600, autoHeight : true, paginationSpeed : \t600, autoPlay : 7000,stopOnHover: true, navigationText : \t[ \"<span class=\\\"cmsms_prev_arrow\\\"><span><\/span><\/span>\", \"<span class=\\\"cmsms_next_arrow\\\"><span><\/span><\/span>\" ] } );} );<\/script>\n<div id=\"cmsms_slider_69ef7226ae6583_99061062\" class=\"content_slider cmsms_owl_slider owl-carousel\">\n<div class=\"item\"><img loading=\"lazy\" decoding=\"async\" width=\"1122\" height=\"748\" src=\"https:\/\/www.rado-dent.pl\/dev\/wp-content\/uploads\/2024\/03\/10-1.jpg\" class=\"attachment-full size-full\" alt=\"\" srcset=\"https:\/\/www.rado-dent.pl\/dev\/wp-content\/uploads\/2024\/03\/10-1.jpg 1122w, https:\/\/www.rado-dent.pl\/dev\/wp-content\/uploads\/2024\/03\/10-1-300x200.jpg 300w, https:\/\/www.rado-dent.pl\/dev\/wp-content\/uploads\/2024\/03\/10-1-1024x683.jpg 1024w, https:\/\/www.rado-dent.pl\/dev\/wp-content\/uploads\/2024\/03\/10-1-768x512.jpg 768w, https:\/\/www.rado-dent.pl\/dev\/wp-content\/uploads\/2024\/03\/10-1-580x387.jpg 580w, https:\/\/www.rado-dent.pl\/dev\/wp-content\/uploads\/2024\/03\/10-1-860x573.jpg 860w\" sizes=\"auto, (max-width: 1122px) 100vw, 1122px\" \/><\/div><\/div>\n<\/div>\n<\/div>\n<\/div>\n<\/div>\n<\/div>\n<\/div>\n<\/div>\n<div id=\"cmsms_row_69ef7226aeb3c3_38213482\" class=\"cmsms_row cmsms_color_scheme_default\">\n<div class=\"cmsms_row_outer_parent\">\n<div class=\"cmsms_row_outer\">\n<div class=\"cmsms_row_inner\">\n<div class=\"cmsms_row_margin\">\n<div class=\"cmsms_column one_first\">\n\n<div id=\"cmsms_heading_69ef7226aec844_07764866\" class=\"cmsms_heading_wrap cmsms_heading_align_center\">\n\t<h1 class=\"cmsms_heading\">Nasz zesp\u00f3\u0142<\/h1>\n<\/div>\n<\/div>\n<\/div>\n<\/div>\n<\/div>\n<\/div>\n<\/div>\n<div id=\"cmsms_row_69ef7226aeca22_87079113\" class=\"cmsms_row cmsms_color_scheme_default\">\n<div class=\"cmsms_row_outer_parent\">\n<div class=\"cmsms_row_outer\">\n<div class=\"cmsms_row_inner\">\n<div class=\"cmsms_row_margin\">\n<div class=\"cmsms_column one_first\">\n<div id=\"69ef7226aedd65_46753913\" class=\"cmsms_profile horizontal\">\n\r\n<!--_________________________ Start Horizontal Profile _________________________ -->\r\n\r\n<article id=\"post-375\" class=\"one_third post-375 profile type-profile status-publish has-post-thumbnail hentry pl-categs-staff-3\">\r\n\t<div class=\"pl_img\">\n<figure>\n<a href=\"https:\/\/www.rado-dent.pl\/dev\/profile\/piotr-slusarski\/\"><img loading=\"lazy\" decoding=\"async\" width=\"377\" height=\"361\" src=\"https:\/\/www.rado-dent.pl\/dev\/wp-content\/uploads\/2024\/03\/Piotrek-kwadrat.jpg\" class=\"attachment-project-thumb size-project-thumb wp-post-image\" alt=\"Piotr \u015alusarski\" title=\"Piotr \u015alusarski\" srcset=\"https:\/\/www.rado-dent.pl\/dev\/wp-content\/uploads\/2024\/03\/Piotrek-kwadrat.jpg 377w, https:\/\/www.rado-dent.pl\/dev\/wp-content\/uploads\/2024\/03\/Piotrek-kwadrat-300x287.jpg 300w\" sizes=\"auto, (max-width: 377px) 100vw, 377px\" \/><\/a><\/figure>\n<\/div>\n<div class=\"pl_content\">\n<h3 class=\"entry-title\">\n<a href=\"https:\/\/www.rado-dent.pl\/dev\/profile\/piotr-slusarski\/\">Piotr \u015alusarski<\/a>\n<\/h3>\n<h5 class=\"pl_subtitle\">dr n. med.<\/h5>\n<div class=\"entry-content\">\nSpecjalista protetyki stomatologicznej, implantolog, medycyna estetyczna<\/div>\n<\/div>\n\t<div class=\"cl\"><\/div>\r\n<\/article>\r\n<!--_________________________ Finish Horizontal Profile _________________________ -->\r\n\r\n\r\n<!--_________________________ Start Horizontal Profile _________________________ -->\r\n\r\n<article id=\"post-377\" class=\"one_third post-377 profile type-profile status-publish has-post-thumbnail hentry pl-categs-staff-2\">\r\n\t<div class=\"pl_img\">\n<figure>\n<a href=\"https:\/\/www.rado-dent.pl\/dev\/profile\/malgorzata-slusarska\/\"><img loading=\"lazy\" decoding=\"async\" width=\"421\" height=\"445\" src=\"https:\/\/www.rado-dent.pl\/dev\/wp-content\/uploads\/2024\/03\/Gosia-kwadrat.jpg\" class=\"attachment-project-thumb size-project-thumb wp-post-image\" alt=\"Ma\u0142gorzata Ka\u0142u\u017cna-\u015alusarska\" title=\"Ma\u0142gorzata Ka\u0142u\u017cna-\u015alusarska\" srcset=\"https:\/\/www.rado-dent.pl\/dev\/wp-content\/uploads\/2024\/03\/Gosia-kwadrat.jpg 421w, https:\/\/www.rado-dent.pl\/dev\/wp-content\/uploads\/2024\/03\/Gosia-kwadrat-284x300.jpg 284w\" sizes=\"auto, (max-width: 421px) 100vw, 421px\" \/><\/a><\/figure>\n<\/div>\n<div class=\"pl_content\">\n<h3 class=\"entry-title\">\n<a href=\"https:\/\/www.rado-dent.pl\/dev\/profile\/malgorzata-slusarska\/\">Ma\u0142gorzata Ka\u0142u\u017cna-\u015alusarska<\/a>\n<\/h3>\n<h5 class=\"pl_subtitle\"> lek. dent.<\/h5>\n<div class=\"entry-content\">\nSpecjalizuje si\u0119 w stomatologii zachowawczej, estetycznej, endodoncji i leczeniu dzieci.<\/div>\n<\/div>\n\t<div class=\"cl\"><\/div>\r\n<\/article>\r\n<!--_________________________ Finish Horizontal Profile _________________________ -->\r\n\r\n\r\n<!--_________________________ Start Horizontal Profile _________________________ -->\r\n\r\n<article id=\"post-381\" class=\"one_third post-381 profile type-profile status-publish has-post-thumbnail hentry pl-categs-staff\">\r\n\t<div class=\"pl_img\">\n<figure>\n<a href=\"https:\/\/www.rado-dent.pl\/dev\/profile\/aleksandra-slusarska\/\"><img loading=\"lazy\" decoding=\"async\" width=\"366\" height=\"365\" src=\"https:\/\/www.rado-dent.pl\/dev\/wp-content\/uploads\/2015\/07\/miniatura-poprawione.jpg\" class=\"attachment-project-thumb size-project-thumb wp-post-image\" alt=\"Aleksandra \u015alusarska\" title=\"Aleksandra \u015alusarska\" srcset=\"https:\/\/www.rado-dent.pl\/dev\/wp-content\/uploads\/2015\/07\/miniatura-poprawione.jpg 366w, https:\/\/www.rado-dent.pl\/dev\/wp-content\/uploads\/2015\/07\/miniatura-poprawione-150x150.jpg 150w, https:\/\/www.rado-dent.pl\/dev\/wp-content\/uploads\/2015\/07\/miniatura-poprawione-300x300.jpg 300w, https:\/\/www.rado-dent.pl\/dev\/wp-content\/uploads\/2015\/07\/miniatura-poprawione-55x55.jpg 55w\" sizes=\"auto, (max-width: 366px) 100vw, 366px\" \/><\/a><\/figure>\n<\/div>\n<div class=\"pl_content\">\n<h3 class=\"entry-title\">\n<a href=\"https:\/\/www.rado-dent.pl\/dev\/profile\/aleksandra-slusarska\/\">Aleksandra \u015alusarska<\/a>\n<\/h3>\n<h5 class=\"pl_subtitle\">dr n. med.<\/h5>\n<div class=\"entry-content\">\nSpecjalista stomatologii og\u00f3lnej i protetyki stomatologicznej<\/div>\n<\/div>\n\t<div class=\"cl\"><\/div>\r\n<\/article>\r\n<!--_________________________ Finish Horizontal Profile _________________________ -->\r\n\r\n\r\n<!--_________________________ Start Horizontal Profile _________________________ -->\r\n\r\n<article id=\"post-4717\" class=\"one_third post-4717 profile type-profile status-publish has-post-thumbnail hentry pl-categs-staff-5\">\r\n\t<div class=\"pl_img\">\n<figure>\n<a href=\"https:\/\/www.rado-dent.pl\/dev\/profile\/angelika-janiak\/\"><img loading=\"lazy\" decoding=\"async\" width=\"511\" height=\"489\" src=\"https:\/\/www.rado-dent.pl\/dev\/wp-content\/uploads\/2024\/03\/Angela-kwadrat.jpg\" class=\"attachment-project-thumb size-project-thumb wp-post-image\" alt=\"Angelika Janiak\" title=\"Angelika Janiak\" srcset=\"https:\/\/www.rado-dent.pl\/dev\/wp-content\/uploads\/2024\/03\/Angela-kwadrat.jpg 511w, https:\/\/www.rado-dent.pl\/dev\/wp-content\/uploads\/2024\/03\/Angela-kwadrat-300x287.jpg 300w\" sizes=\"auto, (max-width: 511px) 100vw, 511px\" \/><\/a><\/figure>\n<\/div>\n<div class=\"pl_content\">\n<h3 class=\"entry-title\">\n<a href=\"https:\/\/www.rado-dent.pl\/dev\/profile\/angelika-janiak\/\">Angelika Janiak<\/a>\n<\/h3>\n<div class=\"entry-content\">\nAsystentka stomatologiczna<\/div>\n<\/div>\n\t<div class=\"cl\"><\/div>\r\n<\/article>\r\n<!--_________________________ Finish Horizontal Profile _________________________ -->\r\n\r\n<\/div>\n<\/div>\n<\/div>\n<\/div>\n<\/div>\n<\/div>\n<\/div>\n\n","protected":false},"excerpt":{"rendered":"","protected":false},"author":1,"featured_media":0,"parent":0,"menu_order":0,"comment_status":"closed","ping_status":"closed","template":"","meta":{"footnotes":""},"class_list":["post-1938","page","type-page","status-publish","hentry"],"_links":{"self":[{"href":"https:\/\/www.rado-dent.pl\/dev\/wp-json\/wp\/v2\/pages\/1938","targetHints":{"allow":["GET"]}}],"collection":[{"href":"https:\/\/www.rado-dent.pl\/dev\/wp-json\/wp\/v2\/pages"}],"about":[{"href":"https:\/\/www.rado-dent.pl\/dev\/wp-json\/wp\/v2\/types\/page"}],"author":[{"embeddable":true,"href":"https:\/\/www.rado-dent.pl\/dev\/wp-json\/wp\/v2\/users\/1"}],"replies":[{"embeddable":true,"href":"https:\/\/www.rado-dent.pl\/dev\/wp-json\/wp\/v2\/comments?post=1938"}],"version-history":[{"count":24,"href":"https:\/\/www.rado-dent.pl\/dev\/wp-json\/wp\/v2\/pages\/1938\/revisions"}],"predecessor-version":[{"id":4820,"href":"https:\/\/www.rado-dent.pl\/dev\/wp-json\/wp\/v2\/pages\/1938\/revisions\/4820"}],"wp:attachment":[{"href":"https:\/\/www.rado-dent.pl\/dev\/wp-json\/wp\/v2\/media?parent=1938"}],"curies":[{"name":"wp","href":"https:\/\/api.w.org\/{rel}","templated":true}]}}