{"id":4388,"date":"2016-07-04T23:14:10","date_gmt":"2016-07-04T21:14:10","guid":{"rendered":"http:\/\/serwer1670175.home.pl\/dev\/?post_type=project&#038;p=4388"},"modified":"2021-12-08T17:41:50","modified_gmt":"2021-12-08T16:41:50","slug":"wybielanie-zebow","status":"publish","type":"project","link":"https:\/\/www.rado-dent.pl\/dev\/project\/wybielanie-zebow\/","title":{"rendered":"Wybielanie z\u0119b\u00f3w"},"content":{"rendered":"<style type=\"text\/css\"><\/style><p>Dzi\u0119ki tej technice mo\u017cna wybieli\u0107 nawet bardzo ciemne z\u0119by \u017cywe i martwe z przebarwieniami powsta\u0142ymi od kawy, mocnej herbaty, czerwonego wina, papieros\u00f3w lub zmianami pochodzenia genetycznego. Zabieg mo\u017ce by\u0107 przeprowadzony na fotelu przy u\u017cyciu lampy do wybielania lub w warunkach domowych z zastosowaniem specjalnych nak\u0142adek (szyn).<\/p>\n","protected":false},"excerpt":{"rendered":"<p>Dzi\u0119ki tej technice mo\u017cna wybieli\u0107 nawet bardzo ciemne z\u0119by \u017cywe i martwe z przebarwieniami powsta\u0142ymi od kawy, mocnej herbaty, czerwonego wina, papieros\u00f3w lub zmianami pochodzenia genetycznego. Zabieg mo\u017ce by\u0107 przeprowadzony na fotelu przy u\u017cyciu lampy do wybielania lub w warunkach domowych z zastosowaniem specjalnych nak\u0142adek (szyn).<\/p>\n","protected":false},"author":1,"featured_media":4531,"menu_order":7,"template":"","format":"standard","meta":{"footnotes":""},"class_list":["post-4388","project","type-project","status-publish","format-standard","has-post-thumbnail","hentry","pj-categs-uslugi"],"_links":{"self":[{"href":"https:\/\/www.rado-dent.pl\/dev\/wp-json\/wp\/v2\/project\/4388","targetHints":{"allow":["GET"]}}],"collection":[{"href":"https:\/\/www.rado-dent.pl\/dev\/wp-json\/wp\/v2\/project"}],"about":[{"href":"https:\/\/www.rado-dent.pl\/dev\/wp-json\/wp\/v2\/types\/project"}],"author":[{"embeddable":true,"href":"https:\/\/www.rado-dent.pl\/dev\/wp-json\/wp\/v2\/users\/1"}],"version-history":[{"count":2,"href":"https:\/\/www.rado-dent.pl\/dev\/wp-json\/wp\/v2\/project\/4388\/revisions"}],"predecessor-version":[{"id":4447,"href":"https:\/\/www.rado-dent.pl\/dev\/wp-json\/wp\/v2\/project\/4388\/revisions\/4447"}],"wp:featuredmedia":[{"embeddable":true,"href":"https:\/\/www.rado-dent.pl\/dev\/wp-json\/wp\/v2\/media\/4531"}],"wp:attachment":[{"href":"https:\/\/www.rado-dent.pl\/dev\/wp-json\/wp\/v2\/media?parent=4388"}],"curies":[{"name":"wp","href":"https:\/\/api.w.org\/{rel}","templated":true}]}}

Wybielanie zębów

<style type="text/css"></style><p>Dzięki tej technice można wybielić nawet bardzo ciemne zęby żywe i martwe z przebarwieniami powstałymi od kawy, mocnej herbaty, czerwonego wina, papierosów lub zmianami pochodzenia genetycznego. Zabieg może być przeprowadzony na fotelu przy użyciu lampy do wybielania lub w warunkach domowych z zastosowaniem specjalnych nakładek (szyn).</p>

<p>Dzięki tej technice można wybielić nawet bardzo ciemne zęby żywe i martwe z przebarwieniami powstałymi od kawy, mocnej herbaty, czerwonego wina, papierosów lub zmianami pochodzenia genetycznego. Zabieg może być przeprowadzony na fotelu przy użyciu lampy do wybielania lub w warunkach domowych z zastosowaniem specjalnych nakładek (szyn).</p>
