{"id":4401,"date":"2016-07-06T12:19:56","date_gmt":"2016-07-06T10:19:56","guid":{"rendered":"http:\/\/serwer1670175.home.pl\/dev\/?post_type=project&#038;p=4401"},"modified":"2021-12-08T17:39:14","modified_gmt":"2021-12-08T16:39:14","slug":"profilaktyka","status":"publish","type":"project","link":"https:\/\/www.rado-dent.pl\/dev\/project\/profilaktyka\/","title":{"rendered":"Profilaktyka stomatologiczna"},"content":{"rendered":"<style type=\"text\/css\"><\/style><p>Zajmuje si\u0119 zapobieganiem chorobom z\u0119b\u00f3w i dzi\u0105se\u0142.<br \/>\nZabiegi obejmuj\u0105:<br \/>\n&#8211; lakowanie<br \/>\n&#8211; lakierowanie<br \/>\n&#8211; skaling (usuwanie kamienia naz\u0119bnego)<br \/>\n&#8211; piaskowanie (usuwanie osad\u00f3w i przebarwie\u0144)<br \/>\n&#8211; impregnacj\u0119<\/p>\n","protected":false},"excerpt":{"rendered":"<p>Zajmuje si\u0119 zapobieganiem chorobom z\u0119b\u00f3w i dzi\u0105se\u0142. Zabiegi obejmuj\u0105: &#8211; lakowanie &#8211; lakierowanie &#8211; skaling (usuwanie kamienia naz\u0119bnego) &#8211; piaskowanie (usuwanie osad\u00f3w i przebarwie\u0144) &#8211; impregnacj\u0119<\/p>\n","protected":false},"author":1,"featured_media":4527,"menu_order":1,"template":"","format":"standard","meta":{"footnotes":""},"class_list":["post-4401","project","type-project","status-publish","format-standard","has-post-thumbnail","hentry","pj-categs-uslugi"],"_links":{"self":[{"href":"https:\/\/www.rado-dent.pl\/dev\/wp-json\/wp\/v2\/project\/4401","targetHints":{"allow":["GET"]}}],"collection":[{"href":"https:\/\/www.rado-dent.pl\/dev\/wp-json\/wp\/v2\/project"}],"about":[{"href":"https:\/\/www.rado-dent.pl\/dev\/wp-json\/wp\/v2\/types\/project"}],"author":[{"embeddable":true,"href":"https:\/\/www.rado-dent.pl\/dev\/wp-json\/wp\/v2\/users\/1"}],"version-history":[{"count":7,"href":"https:\/\/www.rado-dent.pl\/dev\/wp-json\/wp\/v2\/project\/4401\/revisions"}],"predecessor-version":[{"id":4609,"href":"https:\/\/www.rado-dent.pl\/dev\/wp-json\/wp\/v2\/project\/4401\/revisions\/4609"}],"wp:featuredmedia":[{"embeddable":true,"href":"https:\/\/www.rado-dent.pl\/dev\/wp-json\/wp\/v2\/media\/4527"}],"wp:attachment":[{"href":"https:\/\/www.rado-dent.pl\/dev\/wp-json\/wp\/v2\/media?parent=4401"}],"curies":[{"name":"wp","href":"https:\/\/api.w.org\/{rel}","templated":true}]}}

<style type="text/css"></style><p>Zajmuje się zapobieganiem chorobom zębów i dziąseł.<br />
Zabiegi obejmują:<br />
&#8211; lakowanie<br />
&#8211; lakierowanie<br />
&#8211; skaling (usuwanie kamienia nazębnego)<br />
&#8211; piaskowanie (usuwanie osadów i przebarwień)<br />
&#8211; impregnację</p>

<p>Zajmuje się zapobieganiem chorobom zębów i dziąseł. Zabiegi obejmują: &#8211; lakowanie &#8211; lakierowanie &#8211; skaling (usuwanie kamienia nazębnego) &#8211; piaskowanie (usuwanie osadów i przebarwień) &#8211; impregnację</p>
